**2 - 62*i + 103. Give r(3).
-65
Let j(u) = 19105*u - 2980378. Calculate j(156).
2
Let q(p) = -p**3 - 193*p**2 - 8888*p + 262. What is q(-76)?
-42
Let w(u) = -5630919*u + 11261838. Give w(2).
0
Let l(u) = u**3 - 62*u**2 + 20*u - 1093. Calculate l(62).
147
Let i(w) = -9145*w + 612718. Give i(67).
3
Let r(f) = 2737*f + 665136. Calculate r(-243).
45
Let s(j) = -j**3 + 40*j**2 + 117*j - 1557. Give s(42).
-171
Let c(h) = 2*h**2 - 107*h + 523. Calculate c(64).
1867
Let h(s) = s**3 - 21*s**2 - 18*s + 2145. Give h(14).
521
Let s(o) = -4052*o**2 + 97297*o - 1171. Give s(24).
5
Let b(a) = 136*a**2 - 2383*a - 1165. Determine b(18).
5
Let l(f) = f**2 - 49*f + 970. Calculate l(34).
460
Let f(w) = -w**3 + 141*w**2 + 3144*w + 5095. Give f(-18).
19
Let z(a) = 4056*a**2 + 16219*a - 16. Give z(-4).
4
Let j(w) = -239721*w - 2157438. What is j(-9)?
51
Let y(n) = -6*n**2 - 383*n + 789. Calculate y(-67).
-484
Let s(z) = -z**3 - 7*z**2 + 17*z + 54. Calculate s(-5).
-81
Let v(q) = -12*q**2 + 35220*q - 351003. Calculate v(10).
-3
Let i(s) = s**3 + 46*s**2 + 535*s + 17456. Calculate i(-43).
-2
Let n(l) = l**3 + 205*l**2 + 2850*l - 136. Calculate n(-190).
-136
Let f(r) = -397492*r + 3577419. What is f(9)?
-9
Let s(i) = -45216*i - 497387. Calculate s(-11).
-11
Let h(y) = -y**3 - 3*y**2 + 175*y + 862. Calculate h(-5).
37
Let q(l) = -53*l**3 - 17*l**2 + 12*l + 3. What is q(1)?
-55
Let p(n) = 2*n**2 + 3232*n - 903481. Determine p(243).
-7
Let q(j) = -1557*j - 342538. What is q(-220)?
2
Let a(k) = 11*k**2 + 937*k - 6977. Determine a(7).
121
Let h(c) = 3073*c - 203197. Give h(66).
-379
Let b(m) = -m**3 - 143*m**2 - 1300*m + 3523. What is b(-133)?
-467
Let h(d) = d**3 - 102*d**2 - 2017*d - 721. Determine h(119).
-7
Let q(g) = g**3 + 27*g**2 - 27*g - 653. Calculate q(-27).
76
Let g(p) = 1068194*p + 36318585. Give g(-34).
-11
Let h(r) = r**3 + 132*r**2 - 1266*r + 448. What is h(-141)?
25
Let r(o) = o**3 + 158*o**2 + 5039*o - 5195. Give r(-113).
3
Let x(c) = -60710*c - 364253. Give x(-6).
7
Let c(f) = f**3 + 108*f**2 - 1177*f + 348. What is c(-118)?
-6
Let v(f) = -1029*f - 59694. Give v(-58).
-12
Let b(c) = -384*c - 7956. Give b(-20).
-276
Let g(t) = -145*t**2 - 722*t + 7. What is g(-5)?
-8
Let w(z) = 96*z - 6163. Give w(68).
365
Let k(j) = -383180*j - 3448612. Calculate k(-9).
8
Let w(g) = -g**2 - 17*g + 121. What is w(-18)?
103
Let k(d) = 4473*d**2 - 12823*d + 7. Determine k(3).
1795
Let v(l) = -8*l**3 - 216*l**2 + 231*l + 197. Give v(-28).
1
Let t(g) = g**3 + 17*g**2 - 51*g + 192. What is t(-19)?
439
Let j(q) = 1482*q - 349. What is j(0)?
-349
Let l(k) = 399*k + 75076. What is l(-188)?
64
Let v(r) = -15*r**3 - 23*r**2 + 87*r - 156. Give v(3).
-507
Let r(x) = 6*x**3 - 34*x**2 - 271*x + 1292. Determine r(7).
-213
Let f(v) = 5*v**2 + 162*v - 993. Determine f(6).
159
Let a(k) = -11*k**2 - 319*k + 1956. What is a(6)?
-354
Let r(d) = -d**3 - 300*d**2 - 840*d - 161718. Determine r(-299).
41
Let h(s) = 237*s + 55248. What is h(-232)?
264
Let r(h) = -h**2 - 68934*h + 3. Calculate r(0).
3
Let p(r) = 12540*r + 338582. What is p(-27)?
2
Let m(t) = -t**3 + 88*t**2 + 1378*t + 3240. Determine m(-11).
61
Let x(y) = 18059*y - 160047. What is x(9)?
2484
Let k(f) = 7*f**2 - 1581*f + 89000. Give k(107).
-24
Let z(s) = 13292*s - 14. Determine z(0).
-14
Let v(y) = 134*y**2 + 452*y + 123. Give v(-2).
-245
Let u(v) = 895*v + 31316. Give u(-35).
-9
Let x(p) = -39*p**2 + 6936*p + 1097. What is x(178)?
29
Let n(s) = 2*s**3 - 1059*s**2 + 3770*s - 46238. Calculate n(526).
50
Let l(k) = -1042*k + 33482. Calculate l(32).
138
Let b(d) = -2185*d + 847590. What is b(388)?
-190
Let x(w) = 99856*w - 6390751. Calculate x(64).
33
Let g(y) = -y**3 + 42*y**2 + 741*y - 32855. Give g(40).
-15
Let d(r) = r**3 + 243*r**2 - 1741*r + 3055. Calculate d(-250).
805
Let n(k) = k**3 + 73*k**2 + 1768*k + 122111. Calculate n(-72).
-1
Let q(k) = -20*k**2 - 2165*k + 10762. Give q(-113).
27
Let s(j) = -j**2 + 569*j + 11143. Determine s(-19).
-29
Let g(r) = -r**3 - 104*r**2 - 1581*r - 38. What is g(-86)?
2800
Let x(v) = v**3 - 116*v**2 + 3269*v - 330. Determine x(68).
10
Let k(o) = 115047*o + 6787792. What is k(-59)?
19
Let u(r) = -51*r**3 + 24*r**2 + 94*r - 26. Determine u(-4).
3246
Let j(d) = 27396*d + 1013576. Give j(-37).
-76
Let w(p) = p**3 - 46*p**2 - 488*p + 728. Give w(-10).
8
Let y(n) = -127*n**2 - 53075*n + 4595. Give y(-418).
-3
Let v(w) = w**3 + 35*w**2 - 141*w + 598. Determine v(-39).
13
Let f(c) = c**2 - 285641*c + 1428185. What is f(5)?
5
Let m(r) = -r**3 - 430*r**2 + 1298*r - 427. Calculate m(-433).
6
Let h(b) = -4*b**3 - 86*b**2 - 61*b + 1204. Determine h(-20).
24
Let w(j) = 6*j**3 + 49*j**2 + 56*j + 76. What is w(-7)?
27
Let w(x) = 52*x**2 + 5582*x + 1909. What is w(-107)?
-17
Let d(o) = 36*o**2 - 5262*o + 888. Determine d(146).
12
Let c(j) = -1775*j - 16426. Give c(-11).
3099
Let j(o) = 2*o**3 - 136*o**2 + 252*o + 34. Determine j(2).
10
Let d(s) = -s**3 - 31*s**2 + 1370*s + 42903. Calculate d(-32).
87
Let h(v) = -v**2 + 87131*v + 697119. Give h(-8).
7
Let s(x) = -x**3 + 19*x**2 + 110*x - 1111. Determine s(6).
17
Let q(n) = 12328*n + 875596. Calculate q(-71).
308
Let r(v) = v**3 + 20*v**2 + 78*v + 1990. Determine r(-21).
-89
Let g(r) = 21367*r + 106841. Calculate g(-5).
6
Let n(v) = -255*v**2 - 14791*v - 106. What is n(-58)?
-48
Let z(k) = -k**3 - 376*k**2 + 4172*k + 1430720. Give z(-377).
5
Let i(v) = -3*v**2 + 332*v + 1932. What is i(114)?
792
Let s(m) = -228*m**2 + 11398*m + 105. What is s(50)?
5
Let a(l) = -161*l**2 - 74528*l + 6928. Determine a(-463).
-17
Let q(z) = -10691*z - 69479. Give q(-6).
-5333
Let q(z) = -z**3 + 247*z**2 - 1764*z + 17844. What is q(240)?
-2316
Let d(z) = 132*z**2 + 29*z + 32. Determine d(-2).
502
Let y(b) = 5*b**2 - 51*b + 221. Calculate y(0).
221
Let i(v) = 7110*v + 1521536. Give i(-214).
-4
Let x(l) = -5988*l - 2161665. Determine x(-361).
3
Let f(x) = -x**3 + 2*x**2 - 184*x + 2636. Calculate f(10).
-4
Let u(g) = 15581*g - 93425. Determine u(6).
61
Let n(j) = j**3 + 94*j**2 + 2056*j + 8061. Calculate n(-5).
6
Let u(m) = m**3 + 17*m**2 + 72*m - 311. Calculate u(-11).
-377
Let d(x) = 12*x**3 - 548*x**2 - 174*x - 219. Give d(46).
241
Let s(x) = -5*x**2 + 931*x - 13031. What is s(15)?
-191
Let n(h) = -975*h - 45882. Give n(-47).
-57
Let b(k) = 17*k**2 - 79*k - 12011. Determine b(29).
-5
Let q(u) = -3*u**3 + u**2 - 61*u + 393. Calculate q(5).
-262
Let o(f) = f**2 + 57*f + 185. Determine o(-44).
-387
Let j(l) = l**3 - 25*l**2 - 22*l - 1. Calculate j(13).
-2315
Let u(s) = 1381*s**2 + 7816*s - 2805. Calculate u(-6).
15
Let z(r) = 3*r**3 + 85*r**2 + 559*r - 134. Calculate z(-11).
9
Let u(k) = k**2 + 67*k - 199. Give u(-77).
571
Let p(y) = y**3 - 2*y**2 + 1093*y + 3323. What is p(-3)?
-1
Let a(u) = -2031*u + 176713. Calculate a(87).
16
Let a(p) = -2501*p + 34896. Calculate a(14).
-118
Let w(n) = 4*n**2 + 250*n - 1267. Give w(5).
83
Let u(i) = 2*i**3 + 24*i**2 + 16*i + 70. Determine u(-10).
310
Let a(w) = -w**3 - 43*w**2 + 479*w - 2108. What is a(-53)?
595
Let n(o) = -66*o**2 - 1101*o - 536. What is n(-16)?
184
Let i(y) = 1812*y + 65175. Determine i(-36).
-57
Let o(a) = -2*a**3 + 11*a**2 + 8042*a + 8032. Give o(-1).
3
Let v(r) = 83*r**2 + 548*r - 927. What is v(-8)?
1
Let w(s) = s**3 - 881*s**2 - 306527*s - 2936. What is w(-267)?
1
Let h(q) = -9*q**2 - 1049*q + 20429. What is h(17)?
-5
Let q(u) = 5*u**2 - 105*u - 262. Determine q(-9).
1088
Let i(k) = 3*k**3 - 81*k**2 + 10*k - 131. Determine i(27).
139
Let p(q) = 142*q - 24368. Determine p(156).
-2216
Let m(h) = 31550*h - 189315. Give m(6).
-15
Let z(k) = k**3 - 39*k**2 - 46*k - 1524. Determine z(41).
-48
Let d(r) = -4*r**2 + 6*r + 149. Give d(-6).
-31
Let r(a) = -6*a**2 + 3779*a - 33897. Determine r(9).
-372
Let m(n) = -4*n**2 + 610*n + 19105. Calculate m(180).
-695
Let g(w) = -2248*w**2 - 15724*w + 43. Calculate g(-7).
-41
Let j(r) = -4*r**2 + 199*r - 166. What is j(61)?
-2911
Let x(v) = -15*v**3 + 242*v**2 - 207*v + 2861. Give x(16).
61
Let h(u) = u**2 - 15*u - 75. Calculate h(34).
571
Let x(k) = -11545*k + 2447546. Determine x(212).
6
Let m(j) = -188*j**2 - 5502*j + 23169. What is m(-33)?
3
Let b(n) = -245*n**2 + 4663*n - 158. Calculate b(19).
-6
Let v(m) = 84*m + 4060. Give v(-47).
112
Let l(p) = p**2 - 585*p + 6764. Determine l(12).
-1